{"id":176,"date":"2024-01-01T18:05:14","date_gmt":"2024-01-01T18:05:14","guid":{"rendered":"https:\/\/fashionuniform.ro\/?page_id=176"},"modified":"2024-01-12T14:04:31","modified_gmt":"2024-01-12T14:04:31","slug":"medical-uniforms","status":"publish","type":"page","link":"https:\/\/fashionuniform.ro\/?page_id=176","title":{"rendered":"Medical Uniforms"},"content":{"rendered":"\t\t<div data-elementor-type=\"wp-page\" data-elementor-id=\"176\" class=\"elementor elementor-176\">\n\t\t\t\t<div class=\"elementor-element elementor-element-06c3c6e e-flex e-con-boxed e-con e-parent\" data-id=\"06c3c6e\" data-element_type=\"container\">\n\t\t\t\t\t<div class=\"e-con-inner\">\n\t\t\t\t<div class=\"elementor-element elementor-element-9b5dbb8 elementor-widget elementor-widget-heading\" data-id=\"9b5dbb8\" data-element_type=\"widget\" data-widget_type=\"heading.default\">\n\t\t\t\t<div class=\"elementor-widget-container\">\n\t\t\t<style>\/*! elementor - v3.22.0 - 26-06-2024 *\/\n.elementor-heading-title{padding:0;margin:0;line-height:1}.elementor-widget-heading .elementor-heading-title[class*=elementor-size-]>a{color:inherit;font-size:inherit;line-height:inherit}.elementor-widget-heading .elementor-heading-title.elementor-size-small{font-size:15px}.elementor-widget-heading .elementor-heading-title.elementor-size-medium{font-size:19px}.elementor-widget-heading .elementor-heading-title.elementor-size-large{font-size:29px}.elementor-widget-heading .elementor-heading-title.elementor-size-xl{font-size:39px}.elementor-widget-heading .elementor-heading-title.elementor-size-xxl{font-size:59px}<\/style><h2 class=\"elementor-heading-title elementor-size-default\">Uniforme Medicale<\/h2>\t\t<\/div>\n\t\t\t\t<\/div>\n\t\t\t\t\t<\/div>\n\t\t\t\t<\/div>\n\t\t<div class=\"elementor-element elementor-element-960a410 e-con-full e-flex e-con e-parent\" data-id=\"960a410\" data-element_type=\"container\">\n\t\t\t\t<div class=\"elementor-element elementor-element-29b2190 elementor-arrows-position-inside elementor-pagination-position-outside elementor-widget elementor-widget-image-carousel\" data-id=\"29b2190\" data-element_type=\"widget\" data-settings=\"{&quot;slides_to_show&quot;:&quot;1&quot;,&quot;autoplay_speed&quot;:4000,&quot;navigation&quot;:&quot;both&quot;,&quot;autoplay&quot;:&quot;yes&quot;,&quot;pause_on_hover&quot;:&quot;yes&quot;,&quot;pause_on_interaction&quot;:&quot;yes&quot;,&quot;infinite&quot;:&quot;yes&quot;,&quot;effect&quot;:&quot;slide&quot;,&quot;speed&quot;:500}\" data-widget_type=\"image-carousel.default\">\n\t\t\t\t<div class=\"elementor-widget-container\">\n\t\t\t<style>\/*! elementor - v3.22.0 - 26-06-2024 *\/\n.elementor-widget-image-carousel .swiper,.elementor-widget-image-carousel .swiper-container{position:static}.elementor-widget-image-carousel .swiper-container .swiper-slide figure,.elementor-widget-image-carousel .swiper .swiper-slide figure{line-height:inherit}.elementor-widget-image-carousel .swiper-slide{text-align:center}.elementor-image-carousel-wrapper:not(.swiper-container-initialized):not(.swiper-initialized) .swiper-slide{max-width:calc(100% \/ var(--e-image-carousel-slides-to-show, 3))}<\/style>\t\t<div class=\"elementor-image-carousel-wrapper swiper\" dir=\"ltr\">\n\t\t\t<div class=\"elementor-image-carousel swiper-wrapper swiper-image-stretch\" aria-live=\"off\">\n\t\t\t\t\t\t\t\t<div class=\"swiper-slide\" role=\"group\" aria-roledescription=\"slide\" aria-label=\"1 of 6\"><figure class=\"swiper-slide-inner\"><img decoding=\"async\" class=\"swiper-slide-image\" src=\"https:\/\/fashionuniform.ro\/wp-content\/uploads\/2024\/01\/M1-BASLIK.jpg\" alt=\"M1 BA\u015eLIK\" \/><\/figure><\/div><div class=\"swiper-slide\" role=\"group\" aria-roledescription=\"slide\" aria-label=\"2 of 6\"><figure class=\"swiper-slide-inner\"><img decoding=\"async\" class=\"swiper-slide-image\" src=\"https:\/\/fashionuniform.ro\/wp-content\/uploads\/2024\/01\/M2.jpg\" alt=\"M2\" \/><\/figure><\/div><div class=\"swiper-slide\" role=\"group\" aria-roledescription=\"slide\" aria-label=\"3 of 6\"><figure class=\"swiper-slide-inner\"><img decoding=\"async\" class=\"swiper-slide-image\" src=\"https:\/\/fashionuniform.ro\/wp-content\/uploads\/2024\/01\/M3.jpg\" alt=\"M3\" \/><\/figure><\/div><div class=\"swiper-slide\" role=\"group\" aria-roledescription=\"slide\" aria-label=\"4 of 6\"><figure class=\"swiper-slide-inner\"><img decoding=\"async\" class=\"swiper-slide-image\" src=\"https:\/\/fashionuniform.ro\/wp-content\/uploads\/2024\/01\/M4.jpg\" alt=\"M4\" \/><\/figure><\/div><div class=\"swiper-slide\" role=\"group\" aria-roledescription=\"slide\" aria-label=\"5 of 6\"><figure class=\"swiper-slide-inner\"><img decoding=\"async\" class=\"swiper-slide-image\" src=\"https:\/\/fashionuniform.ro\/wp-content\/uploads\/2024\/01\/M5.jpg\" alt=\"M5\" \/><\/figure><\/div><div class=\"swiper-slide\" role=\"group\" aria-roledescription=\"slide\" aria-label=\"6 of 6\"><figure class=\"swiper-slide-inner\"><img decoding=\"async\" class=\"swiper-slide-image\" src=\"https:\/\/fashionuniform.ro\/wp-content\/uploads\/2024\/01\/M10.jpg\" alt=\"M10\" \/><\/figure><\/div>\t\t\t<\/div>\n\t\t\t\t\t\t\t\t\t\t\t\t<div class=\"elementor-swiper-button elementor-swiper-button-prev\" role=\"button\" tabindex=\"0\">\n\t\t\t\t\t\t<svg aria-hidden=\"true\" class=\"e-font-icon-svg e-eicon-chevron-left\" viewBox=\"0 0 1000 1000\" xmlns=\"http:\/\/www.w3.org\/2000\/svg\"><path d=\"M646 125C629 125 613 133 604 142L308 442C296 454 292 471 292 487 292 504 296 521 308 533L604 854C617 867 629 875 646 875 663 875 679 871 692 858 704 846 713 829 713 812 713 796 708 779 692 767L438 487 692 225C700 217 708 204 708 187 708 171 704 154 692 142 675 129 663 125 646 125Z\"><\/path><\/svg>\t\t\t\t\t<\/div>\n\t\t\t\t\t<div class=\"elementor-swiper-button elementor-swiper-button-next\" role=\"button\" tabindex=\"0\">\n\t\t\t\t\t\t<svg aria-hidden=\"true\" class=\"e-font-icon-svg e-eicon-chevron-right\" viewBox=\"0 0 1000 1000\" xmlns=\"http:\/\/www.w3.org\/2000\/svg\"><path d=\"M696 533C708 521 713 504 713 487 713 471 708 454 696 446L400 146C388 133 375 125 354 125 338 125 325 129 313 142 300 154 292 171 292 187 292 204 296 221 308 233L563 492 304 771C292 783 288 800 288 817 288 833 296 850 308 863 321 871 338 875 354 875 371 875 388 867 400 854L696 533Z\"><\/path><\/svg>\t\t\t\t\t<\/div>\n\t\t\t\t\n\t\t\t\t\t\t\t\t\t<div class=\"swiper-pagination\"><\/div>\n\t\t\t\t\t\t\t\t\t<\/div>\n\t\t\t\t<\/div>\n\t\t\t\t<\/div>\n\t\t\t\t<div class=\"elementor-element elementor-element-0a8999d elementor-widget-divider--view-line elementor-widget elementor-widget-divider\" data-id=\"0a8999d\" data-element_type=\"widget\" data-widget_type=\"divider.default\">\n\t\t\t\t<div class=\"elementor-widget-container\">\n\t\t\t<style>\/*! elementor - v3.22.0 - 26-06-2024 *\/\n.elementor-widget-divider{--divider-border-style:none;--divider-border-width:1px;--divider-color:#0c0d0e;--divider-icon-size:20px;--divider-element-spacing:10px;--divider-pattern-height:24px;--divider-pattern-size:20px;--divider-pattern-url:none;--divider-pattern-repeat:repeat-x}.elementor-widget-divider .elementor-divider{display:flex}.elementor-widget-divider .elementor-divider__text{font-size:15px;line-height:1;max-width:95%}.elementor-widget-divider .elementor-divider__element{margin:0 var(--divider-element-spacing);flex-shrink:0}.elementor-widget-divider .elementor-icon{font-size:var(--divider-icon-size)}.elementor-widget-divider .elementor-divider-separator{display:flex;margin:0;direction:ltr}.elementor-widget-divider--view-line_icon .elementor-divider-separator,.elementor-widget-divider--view-line_text .elementor-divider-separator{align-items:center}.elementor-widget-divider--view-line_icon .elementor-divider-separator:after,.elementor-widget-divider--view-line_icon .elementor-divider-separator:before,.elementor-widget-divider--view-line_text .elementor-divider-separator:after,.elementor-widget-divider--view-line_text .elementor-divider-separator:before{display:block;content:\"\";border-block-end:0;flex-grow:1;border-block-start:var(--divider-border-width) var(--divider-border-style) var(--divider-color)}.elementor-widget-divider--element-align-left .elementor-divider .elementor-divider-separator>.elementor-divider__svg:first-of-type{flex-grow:0;flex-shrink:100}.elementor-widget-divider--element-align-left .elementor-divider-separator:before{content:none}.elementor-widget-divider--element-align-left .elementor-divider__element{margin-left:0}.elementor-widget-divider--element-align-right .elementor-divider .elementor-divider-separator>.elementor-divider__svg:last-of-type{flex-grow:0;flex-shrink:100}.elementor-widget-divider--element-align-right .elementor-divider-separator:after{content:none}.elementor-widget-divider--element-align-right .elementor-divider__element{margin-right:0}.elementor-widget-divider--element-align-start .elementor-divider .elementor-divider-separator>.elementor-divider__svg:first-of-type{flex-grow:0;flex-shrink:100}.elementor-widget-divider--element-align-start .elementor-divider-separator:before{content:none}.elementor-widget-divider--element-align-start .elementor-divider__element{margin-inline-start:0}.elementor-widget-divider--element-align-end .elementor-divider .elementor-divider-separator>.elementor-divider__svg:last-of-type{flex-grow:0;flex-shrink:100}.elementor-widget-divider--element-align-end .elementor-divider-separator:after{content:none}.elementor-widget-divider--element-align-end .elementor-divider__element{margin-inline-end:0}.elementor-widget-divider:not(.elementor-widget-divider--view-line_text):not(.elementor-widget-divider--view-line_icon) .elementor-divider-separator{border-block-start:var(--divider-border-width) var(--divider-border-style) var(--divider-color)}.elementor-widget-divider--separator-type-pattern{--divider-border-style:none}.elementor-widget-divider--separator-type-pattern.elementor-widget-divider--view-line .elementor-divider-separator,.elementor-widget-divider--separator-type-pattern:not(.elementor-widget-divider--view-line) .elementor-divider-separator:after,.elementor-widget-divider--separator-type-pattern:not(.elementor-widget-divider--view-line) .elementor-divider-separator:before,.elementor-widget-divider--separator-type-pattern:not([class*=elementor-widget-divider--view]) .elementor-divider-separator{width:100%;min-height:var(--divider-pattern-height);-webkit-mask-size:var(--divider-pattern-size) 100%;mask-size:var(--divider-pattern-size) 100%;-webkit-mask-repeat:var(--divider-pattern-repeat);mask-repeat:var(--divider-pattern-repeat);background-color:var(--divider-color);-webkit-mask-image:var(--divider-pattern-url);mask-image:var(--divider-pattern-url)}.elementor-widget-divider--no-spacing{--divider-pattern-size:auto}.elementor-widget-divider--bg-round{--divider-pattern-repeat:round}.rtl .elementor-widget-divider .elementor-divider__text{direction:rtl}.e-con-inner>.elementor-widget-divider,.e-con>.elementor-widget-divider{width:var(--container-widget-width,100%);--flex-grow:var(--container-widget-flex-grow)}<\/style>\t\t<div class=\"elementor-divider\">\n\t\t\t<span class=\"elementor-divider-separator\">\n\t\t\t\t\t\t<\/span>\n\t\t<\/div>\n\t\t\t\t<\/div>\n\t\t\t\t<\/div>\n\t\t\t\t<\/div>\n\t\t<div class=\"elementor-element elementor-element-2055a45 e-flex e-con-boxed e-con e-parent\" data-id=\"2055a45\" data-element_type=\"container\">\n\t\t\t\t\t<div class=\"e-con-inner\">\n\t\t\t\t<div class=\"elementor-element elementor-element-65a74b8 elementor-widget elementor-widget-text-editor\" data-id=\"65a74b8\" data-element_type=\"widget\" data-widget_type=\"text-editor.default\">\n\t\t\t\t<div class=\"elementor-widget-container\">\n\t\t\t<style>\/*! elementor - v3.22.0 - 26-06-2024 *\/\n.elementor-widget-text-editor.elementor-drop-cap-view-stacked .elementor-drop-cap{background-color:#69727d;color:#fff}.elementor-widget-text-editor.elementor-drop-cap-view-framed .elementor-drop-cap{color:#69727d;border:3px solid;background-color:transparent}.elementor-widget-text-editor:not(.elementor-drop-cap-view-default) .elementor-drop-cap{margin-top:8px}.elementor-widget-text-editor:not(.elementor-drop-cap-view-default) .elementor-drop-cap-letter{width:1em;height:1em}.elementor-widget-text-editor .elementor-drop-cap{float:left;text-align:center;line-height:1;font-size:50px}.elementor-widget-text-editor .elementor-drop-cap-letter{display:inline-block}<\/style>\t\t\t\t<p><strong>Bine a\u021bi venit la FashionUniform.ro ; destina\u021bia dvs. principal\u0103 pentru uniforme de \u00eenalt\u0103 calitate \u0219i elegante pentru personalul medical, care \u00eembin\u0103 perfect func\u021bionalitatea cu estetica modern\u0103.<\/strong><\/p>\n<p>\u00cen mediul dinamic \u0219i exigent al asisten\u021bei medicale, semnifica\u021bia uniformelor se extinde mult dincolo de simpla respectare a codului vestimentar. Aceasta serve\u0219te ca un simbol al profesionalismului, insufl\u0103 \u00eencredere \u0219i promoveaz\u0103 un sentiment de unitate \u00eentre profesioni\u0219tii din domeniul medical. Angajamentul nostru la FashionUniform.ro este de a oferi institu\u021biilor \u0219i profesioni\u0219tilor din domeniul s\u0103n\u0103t\u0103\u021bii uniforme care nu numai c\u0103 \u00eendeplinesc standardele stricte de igien\u0103 \u0219i durabilitate, dar reflect\u0103 \u0219i tendin\u021bele \u00een evolu\u021bie din peisajul modei din domeniul s\u0103n\u0103t\u0103\u021bii.<\/p>\n<p>\u00cen lumea rapid\u0103 a asisten\u021bei medicale, \u00een care precizia \u0219i aten\u021bia la detalii sunt primordiale, importan\u021ba uniformelor standardizate nu poate fi supraestimat\u0103. <strong>Uniformele noastre sunt concepute cu meticulozitate nu numai pentru a respecta liniile directoare din industrie, ci \u0219i pentru a \u00eembun\u0103t\u0103\u021bi performan\u021ba general\u0103 \u0219i bun\u0103starea personalului medical.<\/strong> Calitatea materialelor pe care le folosim asigur\u0103 confortul \u0219i respirabilitatea, esen\u021biale pentru acele ture lungi \u0219i solicitante. <strong>Uniformele noastre sunt croite pentru a rezista rigorilor mediului medical, p\u0103str\u00e2ndu-\u0219i integritatea sp\u0103lare dup\u0103 sp\u0103lare. Investind \u00een uniformele noastre, institu\u021biile medicale pot crea un mediu de lucru profesionist \u0219i organizat, care favorizeaz\u0103 \u00eencrederea \u0219i credibilitatea \u00een r\u00e2ndul pacien\u021bilor, permi\u021b\u00e2nd \u00een acela\u0219i timp cadrelor medicale s\u0103 se concentreze pe ceea ce fac cel mai bine &#8211; furnizarea de \u00eengrijiri excep\u021bionale.<\/strong><\/p>\n<p>La FashionUniform.ro , ne m\u00e2ndrim cu faptul c\u0103 oferim o gam\u0103 variat\u0103 de uniforme pentru personalul medical, care se adreseaz\u0103 diferitelor roluri din sectorul s\u0103n\u0103t\u0103\u021bii. Fie c\u0103 sunte\u021bi \u00een c\u0103utarea unor halate de spital, halate de laborator sau \u021binute specializate pentru diferite discipline medicale, avem o colec\u021bie cuprinz\u0103toare care s\u0103 v\u0103 satisfac\u0103 nevoile specifice. Uniformele noastre sunt disponibile \u00eentr-o gam\u0103 variat\u0103 de culori \u0219i stiluri, permi\u021b\u00e2nd institu\u021biilor din domeniul s\u0103n\u0103t\u0103\u021bii s\u0103 men\u021bin\u0103 un aspect coerent \u0219i, \u00een acela\u0219i timp, s\u0103 se adapteze preferin\u021belor individuale ale personalului lor. \u00cen\u021belegem c\u0103 domeniul asisten\u021bei medicale este divers, iar angajamentul nostru fa\u021b\u0103 de incluziune se reflect\u0103 \u00een varietatea de m\u0103rimi \u0219i croieli pe care o oferim. De la m\u0103rimi mici la m\u0103rimi mari, uniformele noastre sunt concepute pentru a ne asigura c\u0103 fiecare membru al echipei medicale se simte confortabil \u0219i \u00eencrez\u0103tor \u00een \u021binuta sa.<\/p>\n<p>Pe l\u00e2ng\u0103 func\u021bionalitate \u0219i varietate, recunoa\u0219tem importan\u021ba moderniz\u0103rii aspectului uniformelor personalului medical. Echipa noastr\u0103 de design colaboreaz\u0103 cu exper\u021bi din industrie pentru a fi \u00een pas cu cele mai recente tendin\u021be \u00een materie de mod\u0103 \u00een domeniul s\u0103n\u0103t\u0103\u021bii. <strong>Rezultatul este o colec\u021bie de uniforme care nu numai c\u0103 \u00eendeplinesc cerin\u021bele practice ale postului, dar eman\u0103 \u0219i o estetic\u0103 contemporan\u0103 \u0219i profesional\u0103.<\/strong> Suntem con\u0219tien\u021bi de faptul c\u0103 \u00eenf\u0103\u021bi\u0219area profesioni\u0219tilor din domeniul medical joac\u0103 un rol \u00een modelarea percep\u021biei pacien\u021bilor \u0219i poate contribui la o experien\u021b\u0103 pozitiv\u0103 \u00een domeniul s\u0103n\u0103t\u0103\u021bii. <strong>Aleg\u00e2nd FashionUniform.ro , institu\u021biile din domeniul s\u0103n\u0103t\u0103\u021bii \u00ee\u0219i pot ridica imaginea de marc\u0103 \u0219i pot crea o atmosfer\u0103 primitoare, care s\u0103 pun\u0103 \u00een largul lor at\u00e2t pacien\u021bii, c\u00e2t \u0219i personalul.<\/strong><\/p>\n<p>\u00cen concluzie, FashionUniform.ro este partenerul dumneavoastr\u0103 de \u00eencredere \u00een furnizarea de uniforme de top pentru personalul medical, care combin\u0103 calitatea, varietatea \u0219i atractivitatea modern\u0103. Angajamentul nostru fa\u021b\u0103 de excelen\u021b\u0103 se extinde dincolo de respectarea standardelor din industrie; ne str\u0103duim s\u0103 dep\u0103\u0219im a\u0219tept\u0103rile prin inova\u021bie continu\u0103 \u0219i prin faptul c\u0103 r\u0103m\u00e2nem \u00een ton cu nevoile \u00een continu\u0103 schimbare ale sectorului medical. Investi\u021bia \u00een uniformele noastre nu \u00eenseamn\u0103 doar respectarea cerin\u021belor codului vestimentar; <strong>este vorba de crearea unui mediu care promoveaz\u0103 profesionalismul, unitatea \u0219i confortul pentru profesioni\u0219tii din domeniul medical<\/strong>. Explora\u021bi colec\u021bia noastr\u0103 divers\u0103 \u0219i experimenta\u021bi diferen\u021ba pe care calitatea \u0219i stilul o pot face \u00een mediul medical. Contacta\u021bi-ne ast\u0103zi la<b> Hello@FashionUniform.ro<\/b> pentru a discuta despre nevoile dumneavoastr\u0103 de uniforme \u0219i l\u0103sa\u021bi FashionUniform.ro s\u0103 fie alegerea dumneavoastr\u0103 pentru a ridica aspectul \u0219i performan\u021ba personalului medical.<\/p>\t\t\t\t\t\t<\/div>\n\t\t\t\t<\/div>\n\t\t\t\t\t<\/div>\n\t\t\t\t<\/div>\n\t\t<div class=\"elementor-element elementor-element-c0d2cbb e-flex e-con-boxed e-con e-parent\" data-id=\"c0d2cbb\" data-element_type=\"container\">\n\t\t\t\t\t<div class=\"e-con-inner\">\n\t\t\t\t<div class=\"elementor-element elementor-element-bfb06d8 elementor-button-info elementor-align-center elementor-widget elementor-widget-button\" data-id=\"bfb06d8\" data-element_type=\"widget\" data-widget_type=\"button.default\">\n\t\t\t\t<div class=\"elementor-widget-container\">\n\t\t\t\t\t<div class=\"elementor-button-wrapper\">\n\t\t\t<a class=\"elementor-button elementor-button-link elementor-size-lg\" href=\"https:\/\/fashionuniform.ro\/?page_id=20\">\n\t\t\t\t\t\t<span class=\"elementor-button-content-wrapper\">\n\t\t\t\t\t\t<span class=\"elementor-button-icon\">\n\t\t\t\t<svg aria-hidden=\"true\" class=\"e-font-icon-svg e-fas-phone\" viewBox=\"0 0 512 512\" xmlns=\"http:\/\/www.w3.org\/2000\/svg\"><path d=\"M493.4 24.6l-104-24c-11.3-2.6-22.9 3.3-27.5 13.9l-48 112c-4.2 9.8-1.4 21.3 6.9 28l60.6 49.6c-36 76.7-98.9 140.5-177.2 177.2l-49.6-60.6c-6.8-8.3-18.2-11.1-28-6.9l-112 48C3.9 366.5-2 378.1.6 389.4l24 104C27.1 504.2 36.7 512 48 512c256.1 0 464-207.5 464-464 0-11.2-7.7-20.9-18.6-23.4z\"><\/path><\/svg>\t\t\t<\/span>\n\t\t\t\t\t\t\t\t\t<span class=\"elementor-button-text\">Suna\u021bi acum<\/span>\n\t\t\t\t\t<\/span>\n\t\t\t\t\t<\/a>\n\t\t<\/div>\n\t\t\t\t<\/div>\n\t\t\t\t<\/div>\n\t\t\t\t\t<\/div>\n\t\t\t\t<\/div>\n\t\t\t\t<\/div>\n\t\t","protected":false},"excerpt":{"rendered":"<p>Uniforme Medicale Bine a\u021bi venit la FashionUniform.ro ; destina\u021bia dvs. principal\u0103 pentru uniforme de \u00eenalt\u0103 calitate \u0219i elegante pentru personalul medical, care \u00eembin\u0103 perfect func\u021bionalitatea cu estetica modern\u0103. \u00cen mediul dinamic \u0219i exigent al asisten\u021bei medicale, semnifica\u021bia uniformelor se extinde mult dincolo de simpla respectare a codului vestimentar. Aceasta serve\u0219te ca un simbol al profesionalismului, [&hellip;]<\/p>\n","protected":false},"author":1,"featured_media":0,"parent":0,"menu_order":0,"comment_status":"closed","ping_status":"closed","template":"","meta":{"footnotes":""},"class_list":["post-176","page","type-page","status-publish","hentry"],"_links":{"self":[{"href":"https:\/\/fashionuniform.ro\/index.php?rest_route=\/wp\/v2\/pages\/176","targetHints":{"allow":["GET"]}}],"collection":[{"href":"https:\/\/fashionuniform.ro\/index.php?rest_route=\/wp\/v2\/pages"}],"about":[{"href":"https:\/\/fashionuniform.ro\/index.php?rest_route=\/wp\/v2\/types\/page"}],"author":[{"embeddable":true,"href":"https:\/\/fashionuniform.ro\/index.php?rest_route=\/wp\/v2\/users\/1"}],"replies":[{"embeddable":true,"href":"https:\/\/fashionuniform.ro\/index.php?rest_route=%2Fwp%2Fv2%2Fcomments&post=176"}],"version-history":[{"count":25,"href":"https:\/\/fashionuniform.ro\/index.php?rest_route=\/wp\/v2\/pages\/176\/revisions"}],"predecessor-version":[{"id":547,"href":"https:\/\/fashionuniform.ro\/index.php?rest_route=\/wp\/v2\/pages\/176\/revisions\/547"}],"wp:attachment":[{"href":"https:\/\/fashionuniform.ro\/index.php?rest_route=%2Fwp%2Fv2%2Fmedia&parent=176"}],"curies":[{"name":"wp","href":"https:\/\/api.w.org\/{rel}","templated":true}]}}